{"id":18,"date":"2025-01-17T17:23:08","date_gmt":"2025-01-17T16:23:08","guid":{"rendered":"https:\/\/denevis.monta.ninja\/?page_id=18"},"modified":"2025-01-17T17:27:01","modified_gmt":"2025-01-17T16:27:01","slug":"denevis","status":"publish","type":"page","link":"https:\/\/www.denevis.se\/","title":{"rendered":"Denevis"},"content":{"rendered":"\n<section id=\"wp-block-themeisle-blocks-advanced-columns-9f8848a6\" class=\"wp-block-themeisle-blocks-advanced-columns alignfull has-2-columns has-desktop-equal-layout has-tablet-collapsedRows-layout has-mobile-collapsedRows-layout has-reverse-columns-tablet has-reverse-columns-mobile has-vertical-center has-light-bg\"><div class=\"wp-block-themeisle-blocks-advanced-columns-overlay\"><\/div><div class=\"innerblocks-wrap\">\n<div id=\"wp-block-themeisle-blocks-advanced-column-cedf80ca\" class=\"wp-block-themeisle-blocks-advanced-column\">\n<figure class=\"wp-block-image size-large\"><img loading=\"lazy\" decoding=\"async\" width=\"1024\" height=\"211\" src=\"http:\/\/denevis.monta.ninja\/wp-content\/uploads\/2025\/01\/denevis_logo_neg-1024x211.png\" alt=\"Denevis logotyp\" class=\"wp-image-21\" srcset=\"https:\/\/www.denevis.se\/wp-content\/uploads\/2025\/01\/denevis_logo_neg-1024x211.png 1024w, https:\/\/www.denevis.se\/wp-content\/uploads\/2025\/01\/denevis_logo_neg-300x62.png 300w, https:\/\/www.denevis.se\/wp-content\/uploads\/2025\/01\/denevis_logo_neg-768x158.png 768w, https:\/\/www.denevis.se\/wp-content\/uploads\/2025\/01\/denevis_logo_neg-1536x317.png 1536w, https:\/\/www.denevis.se\/wp-content\/uploads\/2025\/01\/denevis_logo_neg.png 1600w\" sizes=\"auto, (max-width: 1024px) 100vw, 1024px\" \/><\/figure>\n\n\n\n<div style=\"height:2rem\" aria-hidden=\"true\" class=\"wp-block-spacer\"><\/div>\n\n\n\n<p class=\"has-nv-site-bg-color has-text-color has-link-color wp-elements-126b1308164a195f7da013e50234f2c5\" style=\"font-size:18px\">Denevis \u00e4r skapat genom ett unikt partnerskap mellan Dala Energi och Nordion Energi. Tillsammans bygger vi en stark plattform f\u00f6r energiinfrastruktur som m\u00f6jligg\u00f6r satsningar p\u00e5 elektrifiering, digitalisering och h\u00e5llbar energiomst\u00e4llning.<\/p>\n\n\n\n<p class=\"has-nv-site-bg-color has-text-color has-link-color wp-elements-0539f1fb72298eefe4e7768d3005c138\" style=\"font-size:18px\">Genom samverkan mellan lokal f\u00f6rankring och nationell expertis st\u00e4rker vi el- och fibern\u00e4tverksamheten f\u00f6r att m\u00f6ta framtidens behov.<\/p>\n\n\n\n<p class=\"has-nv-site-bg-color has-text-color has-link-color wp-elements-3a0a8d91ea7b78304954f699439b4718\" style=\"font-size:16px\"><strong>L\u00e4s mer om v\u00e5ra \u00e4gare:<\/strong><\/p>\n\n\n\n<div id=\"wp-block-themeisle-blocks-button-group-c6556822\" class=\"wp-block-themeisle-blocks-button-group wp-block-buttons\">\n<div id=\"wp-block-themeisle-blocks-button-263c74aa\" class=\"wp-block-themeisle-blocks-button wp-block-button  is-style-outline\"><a href=\"https:\/\/dalaenergi.se\/\" target=\"_blank\" rel=\"noopener noreferrer\" class=\"wp-block-button__link\"><span>Dala Energi<\/span><\/a><\/div>\n\n\n\n<div id=\"wp-block-themeisle-blocks-button-21802e0d\" class=\"wp-block-themeisle-blocks-button wp-block-button  is-style-outline\"><a href=\"https:\/\/nordionenergi.se\/\" target=\"_blank\" rel=\"noopener noreferrer\" class=\"wp-block-button__link\"><span>Nordion Energi<\/span><\/a><\/div>\n<\/div>\n<\/div>\n\n\n\n<div id=\"wp-block-themeisle-blocks-advanced-column-48eed1bc\" class=\"wp-block-themeisle-blocks-advanced-column\"><\/div>\n<\/div><\/section>\n","protected":false},"excerpt":{"rendered":"","protected":false},"author":6,"featured_media":0,"parent":0,"menu_order":0,"comment_status":"closed","ping_status":"closed","template":"","meta":{"neve_meta_sidebar":"","neve_meta_container":"full-width","neve_meta_enable_content_width":"off","neve_meta_content_width":70,"neve_meta_title_alignment":"","neve_meta_author_avatar":"","neve_post_elements_order":"","neve_meta_disable_header":"on","neve_meta_disable_footer":"on","neve_meta_disable_title":"on","neve_meta_reading_time":"","_themeisle_gutenberg_block_has_review":false,"footnotes":""},"class_list":["post-18","page","type-page","status-publish","hentry"],"yoast_head":"<!-- This site is optimized with the Yoast SEO plugin v27.5 - https:\/\/yoast.com\/product\/yoast-seo-wordpress\/ -->\n<title>Denevis - Denevis Solution AB<\/title>\n<meta name=\"robots\" content=\"index, follow, max-snippet:-1, max-image-preview:large, max-video-preview:-1\" \/>\n<link rel=\"canonical\" href=\"https:\/\/www.denevis.se\/\" \/>\n<meta property=\"og:locale\" content=\"sv_SE\" \/>\n<meta property=\"og:type\" content=\"article\" \/>\n<meta property=\"og:title\" content=\"Denevis - Denevis Solution AB\" \/>\n<meta property=\"og:url\" content=\"https:\/\/www.denevis.se\/\" \/>\n<meta property=\"og:site_name\" content=\"Denevis Solution AB\" \/>\n<meta property=\"article:modified_time\" content=\"2025-01-17T16:27:01+00:00\" \/>\n<meta property=\"og:image\" content=\"http:\/\/denevis.monta.ninja\/wp-content\/uploads\/2025\/01\/denevis_logo_neg-1024x211.png\" \/>\n<meta name=\"twitter:card\" content=\"summary_large_image\" \/>\n<meta name=\"twitter:label1\" content=\"Ber\u00e4knad l\u00e4stid\" \/>\n\t<meta name=\"twitter:data1\" content=\"1 minut\" \/>\n<script type=\"application\/ld+json\" class=\"yoast-schema-graph\">{\"@context\":\"https:\\\/\\\/schema.org\",\"@graph\":[{\"@type\":\"WebPage\",\"@id\":\"https:\\\/\\\/www.denevis.se\\\/\",\"url\":\"https:\\\/\\\/www.denevis.se\\\/\",\"name\":\"Denevis - Denevis Solution AB\",\"isPartOf\":{\"@id\":\"https:\\\/\\\/www.denevis.se\\\/#website\"},\"primaryImageOfPage\":{\"@id\":\"https:\\\/\\\/www.denevis.se\\\/#primaryimage\"},\"image\":{\"@id\":\"https:\\\/\\\/www.denevis.se\\\/#primaryimage\"},\"thumbnailUrl\":\"http:\\\/\\\/denevis.monta.ninja\\\/wp-content\\\/uploads\\\/2025\\\/01\\\/denevis_logo_neg-1024x211.png\",\"datePublished\":\"2025-01-17T16:23:08+00:00\",\"dateModified\":\"2025-01-17T16:27:01+00:00\",\"breadcrumb\":{\"@id\":\"https:\\\/\\\/www.denevis.se\\\/#breadcrumb\"},\"inLanguage\":\"sv-SE\",\"potentialAction\":[{\"@type\":\"ReadAction\",\"target\":[\"https:\\\/\\\/www.denevis.se\\\/\"]}]},{\"@type\":\"ImageObject\",\"inLanguage\":\"sv-SE\",\"@id\":\"https:\\\/\\\/www.denevis.se\\\/#primaryimage\",\"url\":\"http:\\\/\\\/denevis.monta.ninja\\\/wp-content\\\/uploads\\\/2025\\\/01\\\/denevis_logo_neg-1024x211.png\",\"contentUrl\":\"http:\\\/\\\/denevis.monta.ninja\\\/wp-content\\\/uploads\\\/2025\\\/01\\\/denevis_logo_neg-1024x211.png\"},{\"@type\":\"BreadcrumbList\",\"@id\":\"https:\\\/\\\/www.denevis.se\\\/#breadcrumb\",\"itemListElement\":[{\"@type\":\"ListItem\",\"position\":1,\"name\":\"Home\",\"item\":\"https:\\\/\\\/www.denevis.se\\\/\"},{\"@type\":\"ListItem\",\"position\":2,\"name\":\"Denevis\"}]},{\"@type\":\"WebSite\",\"@id\":\"https:\\\/\\\/www.denevis.se\\\/#website\",\"url\":\"https:\\\/\\\/www.denevis.se\\\/\",\"name\":\"Denevis Solution AB\",\"description\":\"\",\"potentialAction\":[{\"@type\":\"SearchAction\",\"target\":{\"@type\":\"EntryPoint\",\"urlTemplate\":\"https:\\\/\\\/www.denevis.se\\\/?s={search_term_string}\"},\"query-input\":{\"@type\":\"PropertyValueSpecification\",\"valueRequired\":true,\"valueName\":\"search_term_string\"}}],\"inLanguage\":\"sv-SE\"}]}<\/script>\n<!-- \/ Yoast SEO plugin. -->","yoast_head_json":{"title":"Denevis - Denevis Solution AB","robots":{"index":"index","follow":"follow","max-snippet":"max-snippet:-1","max-image-preview":"max-image-preview:large","max-video-preview":"max-video-preview:-1"},"canonical":"https:\/\/www.denevis.se\/","og_locale":"sv_SE","og_type":"article","og_title":"Denevis - Denevis Solution AB","og_url":"https:\/\/www.denevis.se\/","og_site_name":"Denevis Solution AB","article_modified_time":"2025-01-17T16:27:01+00:00","og_image":[{"url":"http:\/\/denevis.monta.ninja\/wp-content\/uploads\/2025\/01\/denevis_logo_neg-1024x211.png","type":"","width":"","height":""}],"twitter_card":"summary_large_image","twitter_misc":{"Ber\u00e4knad l\u00e4stid":"1 minut"},"schema":{"@context":"https:\/\/schema.org","@graph":[{"@type":"WebPage","@id":"https:\/\/www.denevis.se\/","url":"https:\/\/www.denevis.se\/","name":"Denevis - Denevis Solution AB","isPartOf":{"@id":"https:\/\/www.denevis.se\/#website"},"primaryImageOfPage":{"@id":"https:\/\/www.denevis.se\/#primaryimage"},"image":{"@id":"https:\/\/www.denevis.se\/#primaryimage"},"thumbnailUrl":"http:\/\/denevis.monta.ninja\/wp-content\/uploads\/2025\/01\/denevis_logo_neg-1024x211.png","datePublished":"2025-01-17T16:23:08+00:00","dateModified":"2025-01-17T16:27:01+00:00","breadcrumb":{"@id":"https:\/\/www.denevis.se\/#breadcrumb"},"inLanguage":"sv-SE","potentialAction":[{"@type":"ReadAction","target":["https:\/\/www.denevis.se\/"]}]},{"@type":"ImageObject","inLanguage":"sv-SE","@id":"https:\/\/www.denevis.se\/#primaryimage","url":"http:\/\/denevis.monta.ninja\/wp-content\/uploads\/2025\/01\/denevis_logo_neg-1024x211.png","contentUrl":"http:\/\/denevis.monta.ninja\/wp-content\/uploads\/2025\/01\/denevis_logo_neg-1024x211.png"},{"@type":"BreadcrumbList","@id":"https:\/\/www.denevis.se\/#breadcrumb","itemListElement":[{"@type":"ListItem","position":1,"name":"Home","item":"https:\/\/www.denevis.se\/"},{"@type":"ListItem","position":2,"name":"Denevis"}]},{"@type":"WebSite","@id":"https:\/\/www.denevis.se\/#website","url":"https:\/\/www.denevis.se\/","name":"Denevis Solution AB","description":"","potentialAction":[{"@type":"SearchAction","target":{"@type":"EntryPoint","urlTemplate":"https:\/\/www.denevis.se\/?s={search_term_string}"},"query-input":{"@type":"PropertyValueSpecification","valueRequired":true,"valueName":"search_term_string"}}],"inLanguage":"sv-SE"}]}},"_links":{"self":[{"href":"https:\/\/www.denevis.se\/index.php?rest_route=\/wp\/v2\/pages\/18","targetHints":{"allow":["GET"]}}],"collection":[{"href":"https:\/\/www.denevis.se\/index.php?rest_route=\/wp\/v2\/pages"}],"about":[{"href":"https:\/\/www.denevis.se\/index.php?rest_route=\/wp\/v2\/types\/page"}],"author":[{"embeddable":true,"href":"https:\/\/www.denevis.se\/index.php?rest_route=\/wp\/v2\/users\/6"}],"replies":[{"embeddable":true,"href":"https:\/\/www.denevis.se\/index.php?rest_route=%2Fwp%2Fv2%2Fcomments&post=18"}],"version-history":[{"count":3,"href":"https:\/\/www.denevis.se\/index.php?rest_route=\/wp\/v2\/pages\/18\/revisions"}],"predecessor-version":[{"id":26,"href":"https:\/\/www.denevis.se\/index.php?rest_route=\/wp\/v2\/pages\/18\/revisions\/26"}],"wp:attachment":[{"href":"https:\/\/www.denevis.se\/index.php?rest_route=%2Fwp%2Fv2%2Fmedia&parent=18"}],"curies":[{"name":"wp","href":"https:\/\/api.w.org\/{rel}","templated":true}]}}